t is the greatest common factor of s and j?
8
Suppose 4*y = -3*g + 126, -27 = 4*y + 4*g - 155. Let q be (y/(-4))/((-6)/32). Calculate the highest common divisor of 10 and q.
10
Let y = -83 - -107. What is the highest common factor of y and 40?
8
Let o = 21 - 9. What is the highest common divisor of o and 36?
12
Let f(l) = -l**2 + 7*l - 10. Let k be f(5). Let g(a) = 12*a**3 + a. Let j be g(-1). Let y = k - j. Calculate the highest common divisor of y and 26.
13
Let r(p) = -p**2 + 4*p - 6. Let x be r(3). Let m(y) = y + 8. Let h be m(x). What is the greatest common divisor of 1 and h?
1
Let n = -10 + 90. Suppose v - n = -0*v. Calculate the greatest common divisor of v and 10.
10
Let u(g) = -g**2 + 2*g + 6. Let p be u(0). What is the highest common divisor of 6 and p?
6
Suppose 3 = n, 3*h = 4*h - 2*n - 2. Calculate the highest common factor of h and 64.
8
Let b(y) = 5*y**2 + 1. Let c be b(-2). What is the greatest common factor of 21 and c?
21
Let c(y) = y**3 + 10*y**2 - 15*y - 16. Let s be c(-11). What is the greatest common divisor of 196 and s?
28
Suppose -23 = -3*q - 2*g, 4*q + 0*g = 3*g + 8. Let j = -69 + 144. Suppose 9*x = 4*x + j. Calculate the highest common factor of q and x.
5
Let b be (88/(-10))/(6/(-45)). Let u be 12/b - (-326)/22. Calculate the greatest common factor of u and 30.
15
Let h(g) = -25*g - 2. Let c(m) = -m**2 - m. Let s be c(1). Let n be h(s). Calculate the greatest common divisor of n and 12.
12
Suppose -10*c + 76 + 174 = 0. What is the highest common factor of 10 and c?
5
Let r = -31 + 41. Calculate the greatest common factor of 90 and r.
10
Let w = -10 - -11. Let i be 53 - (3 + -1 + w). What is the highest common divisor of 20 and i?
10
Suppose 0 = 5*f - 2*n - 463, 5*f - 179 - 292 = 4*n. Let j(b) = 16*b**2 - 2*b + 1. Let s be j(3). Let q = s - f. What is the greatest common factor of 12 and q?
12
Let n = -9 - -22. Suppose 1 = 2*t - 2*w - 31, 12 = -4*w. What is the greatest common divisor of n and t?
13
Suppose -40 - 15 = -5*q. Let y = 20 - 80. Let p = y + 137. What is the greatest common factor of q and p?
11
Let s = 220 + -87. Calculate the highest common factor of 19 and s.
19
Suppose -2*x + 154 = 5*x. Calculate the greatest common divisor of x and 176.
22
Let k be (-3 - (-1 - 8)) + 2 - 1. What is the greatest common factor of k and 63?
7
Let m be 9/6 - 57/6. Let i = m - -6. Let d be (-114)/(-15) + i/(-5). Calculate the greatest common factor of 16 and d.
8
Let t(s) = -s**3 - 6*s**2 + 3*s - 3. Let g be t(-6). Let q = -15 - g. Suppose 2*u + 0*u - 48 = 0. Calculate the highest common factor of q and u.
6
Suppose 0 = 4*z - 8. Suppose 4*k - 5*p - 11 = -0*k, 2*k - 6 = z*p. Suppose -u = k*u - 60. Calculate the greatest common factor of 84 and u.
12
Let u be (3*-4)/4 - -2. Let n be ((-2)/6)/(u/6). Calculate the highest common factor of 22 and n.
2
Suppose f + 88 + 93 = 2*q, -2*f + 268 = 3*q. Calculate the highest common factor of q and 36.
18
Suppose 0 = -3*f + 7 + 5. Suppose -5*u + 2*r = -102, -2*r = 2*u - f*r - 42. Suppose 6*j = j + 400. Calculate the greatest common factor of u and j.
20
Let r be ((-42)/(-8))/(4/16). Let d = 259 + -154. What is the highest common factor of d and r?
21
Let a(o) = 12*o**2 - 8*o - 10. Let x be a(-5). What is the greatest common factor of x and 30?
30
Let u = -4 - -24. Let v(p) = -p**2 + 4*p + 1. Let y be v(2). Calculate the highest common factor of u and y.
5
Let a(w) = 6*w**2 + 4*w + 3. Let v be a(-3). Suppose 41 = 2*y + 5. Calculate the highest common divisor of v and y.
9
Suppose 0*r + 18 = -2*r + 4*x, -11 = 4*r - 3*x. Calculate the greatest common divisor of 1 and r.
1
Suppose -4*d - d - 50 = 0. Let n be 12/d*210/(-2). What is the highest common divisor of 18 and n?
18
Let b = -25 - -56. Let d = b - 15. Calculate the highest common factor of 2 and d.
2
Let u be 150/1 - -2 - 2. Suppose -4*g = -9*g + u. Calculate the greatest common factor of g and 20.
10
Let r be 2*56 + (2 - -1). Calculate the highest common factor of 46 and r.
23
Let v(x) = 2*x - 3. Let y(j) = -2*j + 4. Let r(n) = -5*v(n) - 6*y(n). Let a be r(7). Calculate the highest common divisor of 10 and a.
5
Suppose -5*b = -7 - 18. Let i(n) = -n**3 + 6*n**2 + 4*n - 7. Let o be i(5). Suppose 0 = b*g - 32 - o. What is the greatest common factor of g and 14?
14
Suppose 0 = -4*x + 1 + 19. Let z be ((-24)/10)/((-1)/x). What is the highest common divisor of z and 48?
12
Suppose 136 = -4*u - 2*z, 0 = -3*u + 3*z - 145 + 25. Let y be (15/12)/((-3)/u). Calculate the greatest common divisor of y and 75.
15
Let b = -18 + 32. What is the highest common factor of b and 14?
14
Let c be (-31 + 1)/(6/(-12)). What is the greatest common factor of c and 24?
12
Let r = -11 - -15. Suppose -r*p = -9*p + 85. Suppose 0 = f - p + 3. Calculate the highest common factor of f and 35.
7
Let p(o) = 2*o**2 + o. Let a be p(4). Calculate the greatest common divisor of a and 36.
36
Suppose -3*g + 11 + 28 = 0. Calculate the greatest common factor of g and 52.
13
Suppose 3*k - 5*r = -14, -3*r = -0*k + 2*k - 16. Suppose -d = -k*d + 19. Calculate the greatest common divisor of 57 and d.
19
Let q be (7 + -2)*24/5. Let n be 4/14 + (-2474)/(-14). Let v = -117 + n. Calculate the highest common divisor of v and q.
12
Let m be (-7)/(-2 + (-3 - -4)). Let q be (2 - 1) + 170/5. Suppose -q = -4*l - l. Calculate the greatest common divisor of m and l.
7
Let r = 7 - 2. Let u(n) = 3*n - 5. Let y be u(r). What is the highest common factor of y and 80?
10
Suppose -14 = -4*q - 2*r, -q - 2*r + 8 = -0*r. Let t be q + -3 + 19 - 2. What is the highest common divisor of t and 80?
16
Suppose -3*j + v - 41 = -5*j, -2*j + 21 = -3*v. Calculate the highest common factor of 12 and j.
6
Let k = 5 - 3. Suppose -5*s = -r - 0*r + 17, -5 = 2*r + 3*s. Suppose -r*a + 400 = k*a. Calculate the greatest common divisor of a and 20.
20
Let f be 125/5 + (2 - -1). What is the highest common factor of f and 7?
7
Let a = -3 - -3. Suppose -q + 13 = -a*q - 4*g, -13 = -q - 4*g. What is the highest common divisor of 39 and q?
13
Let t(j) = j**2 - j + 6. Let f be t(6). Suppose -2*l - 2 = -26. What is the greatest common factor of l and f?
12
Let u be ((-1)/2)/(2/(-172)). Suppose -y = -u - 13. Suppose 0 = -g - 4*g - 3*k + 52, -8 = g - 4*k. What is the highest common divisor of g and y?
8
Let o = -3 - 2. Let n(f) = -f**2 - 8*f - 7. Let s be n(o). What is the highest common divisor of 16 and s?
8
Suppose 0 = -3*u - u - 4*n + 256, -u - 3*n = -62. What is the greatest common divisor of u and 5?
5
Suppose 4*n - 120 = 5*s, -2*n - 5*s = -0*s - 30. Calculate the highest common factor of 50 and n.
25
Let f = 31 + -21. Suppose -4*m + 5*y + 65 = 0, f = 2*m + y + y. What is the greatest common divisor of m and 80?
10
Suppose -4 = b - 2*b. Suppose 2*v + 3 = 5*v, -b*t = 3*v - 23. Suppose 0 = r - t*r + 60. What is the greatest common divisor of 15 and r?
15
Let f be (-1 - -3)/4*204/3. What is the highest common factor of 85 and f?
17
Suppose 2*y - 109 - 21 = 0. Let l be -52*(3/(-2) - -1). What is the greatest common divisor of l and y?
13
Suppose 1 = -3*t + 34. Let g be 2*(-1)/2*-1. Calculate the greatest common factor of g and t.
1
Suppose 0*s - 4*y - 22 = -s, -5*s + 5 = y. Suppose 0 = n + s*n - 45. What is the highest common divisor of 3 and n?
3
Suppose 0 = 5*y + 4*x - 179, -y + 4*x - 19 = -74. What is the greatest common factor of y and 156?
39
Let o be 74/14 - (-6)/(-21). Let n = o - 0. Suppose n*v = v + 32. What is the highest common divisor of v and 8?
8
Let v = -1 + 3. Let f(m) = -m**2 + 6*m - 3. Let w be f(v). Calculate the greatest common divisor of w and 40.
5
Let s = -123 + 255. What is the highest common divisor of 12 and s?
12
Let r be (-4)/((-16)/20) - (-18)/18. Let p = 79 + -31. What is the highest common factor of p and r?
6
Let r(f) = 6*f - 6. Let m be r(6). Calculate the greatest common factor of m and 75.
15
Suppose 0 = o + 3*w - 7, -6*o + 3*o = 4*w - 16. What is the greatest common divisor of o and 4?
4
Suppose 21 = 3*f - 3*z, -5*f + 9 = 4*z + 1. Let i(a) = -11*a + 12 - 13 + f. Let j be i(-3). Calculate the greatest common divisor of 18 and j.
18
Suppose -7*x - 295 = -1079. What is the highest common divisor of 28 and x?
28
Suppose k + 3*k - 40 = 0. Let i = 4 + k. Let p = 124 - 89. Calculate the greatest c